{"id":3,"date":"2022-08-02T10:49:46","date_gmt":"2022-08-02T10:49:46","guid":{"rendered":"http:\/\/pilmetowiec.pl\/?page_id=3"},"modified":"2024-08-28T08:49:52","modified_gmt":"2024-08-28T08:49:52","slug":"polityka-prywatnosci","status":"publish","type":"page","link":"https:\/\/pilmetowiec.pl\/index.php\/polityka-prywatnosci\/","title":{"rendered":"Polityka prywatno\u015bci"},"content":{"rendered":"\n<h2 class=\"wp-block-heading has-ast-global-color-3-color has-text-color\"><mark style=\"background-color:rgba(0, 0, 0, 0);color:#800000\" class=\"has-inline-color\"><strong>Polityka prywatno\u015bci&nbsp;w serwisie internetowym pilmetowiec.pl<\/strong><\/mark><\/h2>\n\n\n\n<p>Niniejsze o\u015bwiadczenie dotycz\u0105ce ochrony prywatno\u015bci w serwisie pilmetowiec.pl zosta\u0142o przygotowane przez SBM Pilmetowiec i jest wyrazem jej dba\u0142o\u015bci o ochron\u0119 prywatno\u015bci w serwisach internetowych. Poni\u017csze akapity zawieraj\u0105 opis zasad zbierania i rozpowszechniania informacji o klientach, obowi\u0105zuj\u0105ce w naszym serwisie.<\/p>\n\n\n\n<h3 class=\"wp-block-heading\">Informacje og\u00f3lne nt. administrowania danymi osobowymi<\/h3>\n\n\n\n<p>Zgodnie z art. 13 og\u00f3lnego rozporz\u0105dzenia o ochronie danych osobowych z dnia 27 kwietnia 2016 r. (Dz. Urz. UE L 119 z 04.05.2016) informujemy, \u017ce administratorem Pa\u0144stwa danych osobowych jest SBM Pilmetowiec, z siedzib\u0105 we Wroc\u0142awiu, przy ul. Bednarskiej 13\/C. Z Inspektorem Ochrony Danych osobowych, mo\u017cna si\u0119 skontaktowa\u0107 pod adresem e-mail biuro@pilmetowiec.pl. Podane przez Pa\u0144stwa dane osobowe b\u0119d\u0105 przetwarzane zgodnie z art. 6 ust. 1 lit. a) og\u00f3lnego rozporz\u0105dzenia o ochronie danych osobowych z dnia 27 kwietnia 2016 r.<\/p>\n\n\n\n<h3 class=\"wp-block-heading\">Czy serwis pilmetowiec.pl gromadzi informacje o u\u017cytkownikach i w jaki spos\u00f3b je wykorzystuje?<\/h3>\n\n\n\n<p>Serwis pilmetowiec.pl ogranicza wykorzystanie i zbieranie informacji o klientach do niezb\u0119dnego minimum, wymaganego do \u015bwiadczenia sp\u00f3\u0142dzielcom i lokatorom us\u0142ug na najwy\u017cszym poziomie. Obejmuje to m.in. informowanie ich o wa\u017cnych wydarzeniach, okresowych kontrolach, terminach.<\/p>\n\n\n\n<p>W niekt\u00f3rych przypadkach (np. formularze zg\u0142oszeniowe) zbieramy informacje o u\u017cytkownikach, takie jak adresy poczty elektronicznej lub dane osobowo-adresowe. Informacje te nie s\u0105 udost\u0119pniane osobom trzecim, chyba \u017ce zostanie na to uzyskana uprzednia, wyra\u017ana zgoda U\u017cytkownik\u00f3w albo je\u017celi wymagaj\u0105 tego przepisy obowi\u0105zuj\u0105cego prawa. Informacje te s\u0142u\u017c\u0105 wy\u0142\u0105cznie do realizacji zobowi\u0105za\u0144 wobec u\u017cytkownik\u00f3w serwisu, kt\u00f3re obejmuj\u0105 np. dostarczanie subskrybowanych wiadomo\u015bci.<\/p>\n\n\n\n<h3 class=\"wp-block-heading\">Polityka w zakresie cookies<\/h3>\n\n\n\n<p>SBM Pilmetowiec, w zwi\u0105zku z udost\u0119pnianiem serwis\u00f3w internetowych i ich zawarto\u015bci, stosuje tzw. pliki cookies, tj. informacje zapisywane przez serwery na urz\u0105dzeniu ko\u0144cowym u\u017cytkownika. Te informacje serwery mog\u0105 odczyta\u0107 przy ka\u017cdorazowym po\u0142\u0105czeniu si\u0119 z tego urz\u0105dzenia ko\u0144cowego. Pliki cookies s\u0105 to przewa\u017cnie pliki tekstowe, kt\u00f3re przechowywane s\u0105 w urz\u0105dzeniu ko\u0144cowym u\u017cytkownika serwis\u00f3w internetowych SBM Pilmetowiec.<\/p>\n\n\n\n<p><a href=\"https:\/\/pilmetowiec.pl\/index.php\/pliki-cookies\/\" data-type=\"URL\" data-id=\"https:\/\/pilmetowiec.pl\/index.php\/pliki-cookies\/\" target=\"_blank\" rel=\"noreferrer noopener\">wi\u0119cej&#8230;<\/a><\/p>\n\n\n\n<h3 class=\"wp-block-heading\">W jaki spos\u00f3b wykorzystujemy informacje pochodz\u0105ce z formularzy zam\u00f3wie\u0144 i bada\u0144 ankietowych prowadzonych na stronach pilmetowiec.pl?<\/h3>\n\n\n\n<p>Nasz serwis wykorzystuje formularze, kt\u00f3re umo\u017cliwiaj\u0105 przesy\u0142anie zg\u0142osze\u0144, uwag i zapyta\u0144. Formularze te pozwalaj\u0105 na zbieranie informacji kontaktowych od odwiedzaj\u0105cych (takich jak adresy poczty elektronicznej u\u017cytkownik\u00f3w). Informacje pochodz\u0105ce z tych formularzy zam\u00f3wie\u0144 s\u0105 wykorzystywane wy\u0142\u0105cznie do cel\u00f3w zwi\u0105zanych z prawid\u0142owego obs\u0142u\u017cenia przes\u0142anego w ten spos\u00f3b zg\u0142oszenia.<\/p>\n\n\n\n<p>Informacje kontaktowe klient\u00f3w s\u0105 tak\u017ce wykorzystywane do nawi\u0105zywania z nimi kontaktu, kiedy jest to konieczne (np. w przypadku konieczno\u015bci potwierdzenia zawartych w zg\u0142oszeniu informacji). U\u017cytkownicy maj\u0105 mo\u017cliwo\u015b\u0107 zrezygnowania z otrzymywania od nas list\u00f3w elektronicznych &#8211; patrz poni\u017cej: sekcja Wyb\u00f3r opcji\/rezygnacja z naszych us\u0142ug.<\/p>\n\n\n\n<h3 class=\"wp-block-heading\">Ochrona prywatno\u015bci os\u00f3b niepe\u0142noletnich<\/h3>\n\n\n\n<p>Serwis pilmetowiec.pl nie monitoruje i nie weryfikuje informacji na temat wieku swojej publiczno\u015bci &#8211; odbiorc\u00f3w i u\u017cytkownik\u00f3w list e-mailingowych czy uczestnik\u00f3w bada\u0144 ankietowych. Informacje kontaktowe od odwiedzaj\u0105cych (takich jak adresy poczty elektronicznej u\u017cytkownik\u00f3w), s\u0105 wykorzystywane wy\u0142\u0105cznie do obs\u0142ugi zg\u0142osze\u0144 i korespondencji.<\/p>\n\n\n\n<p>Osoby niepe\u0142noletnie nie powinny wysy\u0142a\u0107 \u017cadnych informacji, dokonywa\u0107 zg\u0142osze\u0144 ani subskrybowa\u0107 us\u0142ug \u015bwiadczonych przez nasz serwis bez wiedzy swoich rodzic\u00f3w lub opiekun\u00f3w.<\/p>\n\n\n\n<h3 class=\"wp-block-heading\">Zabezpieczenia<\/h3>\n\n\n\n<p>Witryna pilmetowiec.pl zaopatrzona jest w \u015brodki bezpiecze\u0144stwa, maj\u0105ce na celu ochron\u0119 danych pozostaj\u0105cych pod nasz\u0105 kontrol\u0105 przed utrat\u0105, niew\u0142a\u015bciwym wykorzystaniem i modyfikacj\u0105. Zobowi\u0105zujemy si\u0119 chroni\u0107 wszelkie informacje ujawnione nam przez klient\u00f3w zgodnie z normami ochrony bezpiecze\u0144stwa i zachowania poufno\u015bci. Prawa dost\u0119pu do danych osobowych u\u017cytkownik\u00f3w serwisu zosta\u0142y w restrykcyjny spos\u00f3b ograniczone, tak aby informacje te nie znalaz\u0142y si\u0119 w r\u0119kach os\u00f3b niepowo\u0142anych.<\/p>\n\n\n\n<p>Dost\u0119p do danych osobowo-adresowych ma tylko ograniczona liczba uprawnionych pracownik\u00f3w SBM Pilmetowiec na zasadach zgodnych z rozporz\u0105dzeniem Ministra Spraw Wewn\u0119trznych i Administracji z dnia 3 czerwca 1998 r. (Dziennik Ustaw nr 80, rozporz\u0105dzenie nr 521).<\/p>\n\n\n\n<h3 class=\"wp-block-heading\">Wyb\u00f3r opcji\/rezygnacja z naszych us\u0142ug<\/h3>\n\n\n\n<p>Witryna pilmetowiec.pl oferuje u\u017cytkownikom mo\u017cliwo\u015b\u0107 zrezygnowania z otrzymywania od nas informacji. Mo\u017cna tego dokona\u0107 wysy\u0142aj\u0105c e-mail pod adres: biuro@pilmetowiec.pl.<\/p>\n\n\n\n<h3 class=\"wp-block-heading\">Kontakt<\/h3>\n\n\n\n<p>U\u017cytkownicy, kt\u00f3rzy maj\u0105 inne pytania dotycz\u0105ce niniejszej deklaracji ochrony prywatno\u015bci, praktyk stosowanych na tej stronie, czy te\u017c sposob\u00f3w utrzymywania kontakt\u00f3w, proszone s\u0105 o wys\u0142anie uwag pod adres: biuro@pilmetowiec.pl.<\/p>\n","protected":false},"excerpt":{"rendered":"<p>Polityka prywatno\u015bci&nbsp;w serwisie internetowym pilmetowiec.pl Niniejsze o\u015bwiadczenie dotycz\u0105ce ochrony prywatno\u015bci w serwisie pilmetowiec.pl zosta\u0142o przygotowane przez SBM Pilmetowiec i jest wyrazem jej dba\u0142o\u015bci o ochron\u0119 prywatno\u015bci w serwisach internetowych. Poni\u017csze akapity zawieraj\u0105 opis zasad zbierania i rozpowszechniania informacji o klientach, obowi\u0105zuj\u0105ce w naszym serwisie. Informacje og\u00f3lne nt. administrowania danymi osobowymi Zgodnie z art. 13 og\u00f3lnego [&hellip;]<\/p>\n","protected":false},"author":3,"featured_media":0,"parent":0,"menu_order":0,"comment_status":"closed","ping_status":"open","template":"","meta":{"_uag_custom_page_level_css":"","site-sidebar-layout":"default","site-content-layout":"","ast-site-content-layout":"default","site-content-style":"default","site-sidebar-style":"default","ast-global-header-display":"","ast-banner-title-visibility":"","ast-main-header-display":"","ast-hfb-above-header-display":"","ast-hfb-below-header-display":"","ast-hfb-mobile-header-display":"","site-post-title":"disabled","ast-breadcrumbs-content":"","ast-featured-img":"","footer-sml-layout":"","ast-disable-related-posts":"","theme-transparent-header-meta":"","adv-header-id-meta":"","stick-header-meta":"","header-above-stick-meta":"","header-main-stick-meta":"","header-below-stick-meta":"","astra-migrate-meta-layouts":"set","ast-page-background-enabled":"default","ast-page-background-meta":{"desktop":{"background-color":"","background-image":"","background-repeat":"repeat","background-position":"center center","background-size":"auto","background-attachment":"scroll","background-type":"","background-media":"","overlay-type":"","overlay-color":"","overlay-opacity":"","overlay-gradient":""},"tablet":{"background-color":"","background-image":"","background-repeat":"repeat","background-position":"center center","background-size":"auto","background-attachment":"scroll","background-type":"","background-media":"","overlay-type":"","overlay-color":"","overlay-opacity":"","overlay-gradient":""},"mobile":{"background-color":"","background-image":"","background-repeat":"repeat","background-position":"center center","background-size":"auto","background-attachment":"scroll","background-type":"","background-media":"","overlay-type":"","overlay-color":"","overlay-opacity":"","overlay-gradient":""}},"ast-content-background-meta":{"desktop":{"background-color":"var(--ast-global-color-5)","background-image":"","background-repeat":"repeat","background-position":"center center","background-size":"auto","background-attachment":"scroll","background-type":"","background-media":"","overlay-type":"","overlay-color":"","overlay-opacity":"","overlay-gradient":""},"tablet":{"background-color":"var(--ast-global-color-5)","background-image":"","background-repeat":"repeat","background-position":"center center","background-size":"auto","background-attachment":"scroll","background-type":"","background-media":"","overlay-type":"","overlay-color":"","overlay-opacity":"","overlay-gradient":""},"mobile":{"background-color":"var(--ast-global-color-5)","background-image":"","background-repeat":"repeat","background-position":"center center","background-size":"auto","background-attachment":"scroll","background-type":"","background-media":"","overlay-type":"","overlay-color":"","overlay-opacity":"","overlay-gradient":""}},"footnotes":""},"class_list":["post-3","page","type-page","status-publish","hentry"],"uagb_featured_image_src":{"full":false,"thumbnail":false,"medium":false,"medium_large":false,"large":false,"1536x1536":false,"2048x2048":false},"uagb_author_info":{"display_name":"SBM Pilmetowiec","author_link":"https:\/\/pilmetowiec.pl\/index.php\/author\/administrator\/"},"uagb_comment_info":0,"uagb_excerpt":"Polityka prywatno\u015bci&nbsp;w serwisie internetowym pilmetowiec.pl Niniejsze o\u015bwiadczenie dotycz\u0105ce ochrony prywatno\u015bci w serwisie pilmetowiec.pl zosta\u0142o przygotowane przez SBM Pilmetowiec i jest wyrazem jej dba\u0142o\u015bci o ochron\u0119 prywatno\u015bci w serwisach internetowych. Poni\u017csze akapity zawieraj\u0105 opis zasad zbierania i rozpowszechniania informacji o klientach, obowi\u0105zuj\u0105ce w naszym serwisie. Informacje og\u00f3lne nt. administrowania danymi osobowymi Zgodnie z art. 13 og\u00f3lnego&hellip;","_links":{"self":[{"href":"https:\/\/pilmetowiec.pl\/index.php\/wp-json\/wp\/v2\/pages\/3","targetHints":{"allow":["GET"]}}],"collection":[{"href":"https:\/\/pilmetowiec.pl\/index.php\/wp-json\/wp\/v2\/pages"}],"about":[{"href":"https:\/\/pilmetowiec.pl\/index.php\/wp-json\/wp\/v2\/types\/page"}],"author":[{"embeddable":true,"href":"https:\/\/pilmetowiec.pl\/index.php\/wp-json\/wp\/v2\/users\/3"}],"replies":[{"embeddable":true,"href":"https:\/\/pilmetowiec.pl\/index.php\/wp-json\/wp\/v2\/comments?post=3"}],"version-history":[{"count":11,"href":"https:\/\/pilmetowiec.pl\/index.php\/wp-json\/wp\/v2\/pages\/3\/revisions"}],"predecessor-version":[{"id":2103,"href":"https:\/\/pilmetowiec.pl\/index.php\/wp-json\/wp\/v2\/pages\/3\/revisions\/2103"}],"wp:attachment":[{"href":"https:\/\/pilmetowiec.pl\/index.php\/wp-json\/wp\/v2\/media?parent=3"}],"curies":[{"name":"wp","href":"https:\/\/api.w.org\/{rel}","templated":true}]}}