{"id":1726,"date":"2022-08-08T07:50:46","date_gmt":"2022-08-08T07:50:46","guid":{"rendered":"https:\/\/pilmetowiec.pl\/?page_id=1726"},"modified":"2024-08-28T05:42:05","modified_gmt":"2024-08-28T05:42:05","slug":"pliki-cookies","status":"publish","type":"page","link":"https:\/\/pilmetowiec.pl\/index.php\/pliki-cookies\/","title":{"rendered":"Pliki cookies"},"content":{"rendered":"\n<h2 class=\"wp-block-heading has-ast-global-color-3-color has-text-color\"><mark style=\"background-color:rgba(0, 0, 0, 0);color:#5f3c32\" class=\"has-inline-color\"><strong>Polityka SBM Pilmetowiec w zakresie plik\u00f3w cookies<\/strong><\/mark><\/h2>\n\n\n\n<p>SBM Pilmetowiec, w zwi\u0105zku z udost\u0119pnianiem serwis\u00f3w internetowych i ich zawarto\u015bci, stosuje tzw. pliki cookies, czyli informacje zapisywane przez serwery na urz\u0105dzeniu ko\u0144cowym u\u017cytkownika. Informacje te, serwery mog\u0105 odczyta\u0107 przy ka\u017cdorazowym po\u0142\u0105czeniu si\u0119 z tego urz\u0105dzenia ko\u0144cowego. Pliki cookies s\u0105 zazwyczaj plikami tekstowymi, kt\u00f3re przechowywane s\u0105 w urz\u0105dzeniu ko\u0144cowym u\u017cytkownika serwis\u00f3w internetowych SBM Pilmetowiec.<br><br>Informujemy, \u017ce zgodnie z og\u00f3lnie przyj\u0119t\u0105 praktyk\u0105 stosowan\u0105 w serwisach WWW, przechowujemy zapytania HTTP kierowane do naszych serwer\u00f3w. To oznacza, \u017ce posiadamy informacje o publicznych adresach IP, z kt\u00f3rych u\u017cytkownicy przegl\u0105daj\u0105 tre\u015bci naszych serwis\u00f3w. Zasoby, kt\u00f3re s\u0105 przegl\u0105dane s\u0105 reprezentowane jako adresy URL.<\/p>\n\n\n\n<h3 class=\"wp-block-heading\">Pliki cookies wykorzystywane s\u0105 w celu:<\/h3>\n\n\n\n<ul class=\"wp-block-list\">\n<li>dostosowania zawarto\u015bci serwis\u00f3w internetowych do preferencji u\u017cytkownika,<\/li>\n\n\n\n<li>u\u0142atwienia logowania i utrzymania sesji u\u017cytkownika serwisu internetowego,<\/li>\n\n\n\n<li>dostarczania u\u017cytkownikom tre\u015bci bardziej dostosowanych do ich preferencji.<\/li>\n<\/ul>\n\n\n\n<h3 class=\"wp-block-heading\">Zbieramy nast\u0119puj\u0105ce informacje:<\/h3>\n\n\n\n<ul class=\"wp-block-list\">\n<li>identyfikator sesji ustanowionej z serwerem WWW.<\/li>\n<\/ul>\n\n\n\n<p>Powy\u017csze dane nie s\u0105 kojarzone z okre\u015blonymi osobami przegl\u0105daj\u0105cymi strony SBM Pilmetowiec z zastrze\u017ceniem danych u\u017cytkownik\u00f3w loguj\u0105cych si\u0119 dobrowolnie do wybranych cz\u0119\u015bci serwisu, np. zg\u0142osze\u0144 awarii.<\/p>\n\n\n\n<h3 class=\"wp-block-heading\">Wykorzystywanie danych<\/h3>\n\n\n\n<p>Logi s\u0105 gromadzone i przechowywane przez czas nieoznaczony jako materia\u0142 pomocniczy \u2013 techniczny, s\u0142u\u017c\u0105cy do administrowania serwisem. Informacje w nich zawarte nie s\u0105 ujawniane nikomu poza osobami upowa\u017cnionymi do administrowania sieci\u0105 oraz serwerami SBM Pilmetowiec. Na podstawie plik\u00f3w log\u00f3w mog\u0105 by\u0107 generowane statystyki stanowi\u0105ce pomoc w administrowaniu. Zbiorcze podsumowania w postaci takich statystyk nie zawieraj\u0105 \u017cadnych cech identyfikuj\u0105cych osoby odwiedzaj\u0105ce serwis.<\/p>\n\n\n\n<p>Pliki cookies stosowane w serwisach SBM Pilmetowiec nie przechowuj\u0105 \u017cadnych danych osobowych ani innych informacji zebranych od u\u017cytkownik\u00f3w.<\/p>\n","protected":false},"excerpt":{"rendered":"<p>Polityka SBM Pilmetowiec w zakresie plik\u00f3w cookies SBM Pilmetowiec, w zwi\u0105zku z udost\u0119pnianiem serwis\u00f3w internetowych i ich zawarto\u015bci, stosuje tzw. pliki cookies, czyli informacje zapisywane przez serwery na urz\u0105dzeniu ko\u0144cowym u\u017cytkownika. Informacje te, serwery mog\u0105 odczyta\u0107 przy ka\u017cdorazowym po\u0142\u0105czeniu si\u0119 z tego urz\u0105dzenia ko\u0144cowego. Pliki cookies s\u0105 zazwyczaj plikami tekstowymi, kt\u00f3re przechowywane s\u0105 w urz\u0105dzeniu [&hellip;]<\/p>\n","protected":false},"author":3,"featured_media":0,"parent":0,"menu_order":0,"comment_status":"closed","ping_status":"open","template":"","meta":{"_uag_custom_page_level_css":"","site-sidebar-layout":"default","site-content-layout":"","ast-site-content-layout":"default","site-content-style":"default","site-sidebar-style":"default","ast-global-header-display":"","ast-banner-title-visibility":"","ast-main-header-display":"","ast-hfb-above-header-display":"","ast-hfb-below-header-display":"","ast-hfb-mobile-header-display":"","site-post-title":"disabled","ast-breadcrumbs-content":"","ast-featured-img":"","footer-sml-layout":"","ast-disable-related-posts":"","theme-transparent-header-meta":"","adv-header-id-meta":"","stick-header-meta":"","header-above-stick-meta":"","header-main-stick-meta":"","header-below-stick-meta":"","astra-migrate-meta-layouts":"set","ast-page-background-enabled":"default","ast-page-background-meta":{"desktop":{"background-color":"","background-image":"","background-repeat":"repeat","background-position":"center center","background-size":"auto","background-attachment":"scroll","background-type":"","background-media":"","overlay-type":"","overlay-color":"","overlay-opacity":"","overlay-gradient":""},"tablet":{"background-color":"","background-image":"","background-repeat":"repeat","background-position":"center center","background-size":"auto","background-attachment":"scroll","background-type":"","background-media":"","overlay-type":"","overlay-color":"","overlay-opacity":"","overlay-gradient":""},"mobile":{"background-color":"","background-image":"","background-repeat":"repeat","background-position":"center center","background-size":"auto","background-attachment":"scroll","background-type":"","background-media":"","overlay-type":"","overlay-color":"","overlay-opacity":"","overlay-gradient":""}},"ast-content-background-meta":{"desktop":{"background-color":"var(--ast-global-color-5)","background-image":"","background-repeat":"repeat","background-position":"center center","background-size":"auto","background-attachment":"scroll","background-type":"","background-media":"","overlay-type":"","overlay-color":"","overlay-opacity":"","overlay-gradient":""},"tablet":{"background-color":"var(--ast-global-color-5)","background-image":"","background-repeat":"repeat","background-position":"center center","background-size":"auto","background-attachment":"scroll","background-type":"","background-media":"","overlay-type":"","overlay-color":"","overlay-opacity":"","overlay-gradient":""},"mobile":{"background-color":"var(--ast-global-color-5)","background-image":"","background-repeat":"repeat","background-position":"center center","background-size":"auto","background-attachment":"scroll","background-type":"","background-media":"","overlay-type":"","overlay-color":"","overlay-opacity":"","overlay-gradient":""}},"footnotes":""},"class_list":["post-1726","page","type-page","status-publish","hentry"],"uagb_featured_image_src":{"full":false,"thumbnail":false,"medium":false,"medium_large":false,"large":false,"1536x1536":false,"2048x2048":false},"uagb_author_info":{"display_name":"SBM Pilmetowiec","author_link":"https:\/\/pilmetowiec.pl\/index.php\/author\/administrator\/"},"uagb_comment_info":0,"uagb_excerpt":"Polityka SBM Pilmetowiec w zakresie plik\u00f3w cookies SBM Pilmetowiec, w zwi\u0105zku z udost\u0119pnianiem serwis\u00f3w internetowych i ich zawarto\u015bci, stosuje tzw. pliki cookies, czyli informacje zapisywane przez serwery na urz\u0105dzeniu ko\u0144cowym u\u017cytkownika. Informacje te, serwery mog\u0105 odczyta\u0107 przy ka\u017cdorazowym po\u0142\u0105czeniu si\u0119 z tego urz\u0105dzenia ko\u0144cowego. Pliki cookies s\u0105 zazwyczaj plikami tekstowymi, kt\u00f3re przechowywane s\u0105 w urz\u0105dzeniu&hellip;","_links":{"self":[{"href":"https:\/\/pilmetowiec.pl\/index.php\/wp-json\/wp\/v2\/pages\/1726","targetHints":{"allow":["GET"]}}],"collection":[{"href":"https:\/\/pilmetowiec.pl\/index.php\/wp-json\/wp\/v2\/pages"}],"about":[{"href":"https:\/\/pilmetowiec.pl\/index.php\/wp-json\/wp\/v2\/types\/page"}],"author":[{"embeddable":true,"href":"https:\/\/pilmetowiec.pl\/index.php\/wp-json\/wp\/v2\/users\/3"}],"replies":[{"embeddable":true,"href":"https:\/\/pilmetowiec.pl\/index.php\/wp-json\/wp\/v2\/comments?post=1726"}],"version-history":[{"count":6,"href":"https:\/\/pilmetowiec.pl\/index.php\/wp-json\/wp\/v2\/pages\/1726\/revisions"}],"predecessor-version":[{"id":2099,"href":"https:\/\/pilmetowiec.pl\/index.php\/wp-json\/wp\/v2\/pages\/1726\/revisions\/2099"}],"wp:attachment":[{"href":"https:\/\/pilmetowiec.pl\/index.php\/wp-json\/wp\/v2\/media?parent=1726"}],"curies":[{"name":"wp","href":"https:\/\/api.w.org\/{rel}","templated":true}]}}